{"id":22,"date":"2019-05-03T14:37:35","date_gmt":"2019-05-03T12:37:35","guid":{"rendered":"http:\/\/www.clehm.be\/V2U\/?page_id=22"},"modified":"2026-02-18T19:36:10","modified_gmt":"2026-02-18T18:36:10","slug":"our-lawyers","status":"publish","type":"page","link":"http:\/\/www.clehm.be\/V2U\/our-lawyers\/","title":{"rendered":"Our lawyers"},"content":{"rendered":"\n<p><strong>Partners<\/strong><\/p>\n\n\n<div class=\"wp-block-image is-resized\">\n<figure class=\"alignleft\"><img loading=\"lazy\" decoding=\"async\" width=\"200\" height=\"200\" src=\"http:\/\/www.clehm.be\/V2U\/wp-content\/uploads\/2019\/05\/rc-4.jpg\" alt=\"\" class=\"wp-image-40\" style=\"width:157px;height:auto\" srcset=\"http:\/\/www.clehm.be\/V2U\/wp-content\/uploads\/2019\/05\/rc-4.jpg 200w, http:\/\/www.clehm.be\/V2U\/wp-content\/uploads\/2019\/05\/rc-4-150x150.jpg 150w\" sizes=\"auto, (max-width: 200px) 100vw, 200px\" \/><\/figure>\n<\/div>\n\n\n<p><strong>Rafa\u00ebl Claes \u2022 <\/strong><a href=\"mailto:rafael.claes@clehm.be\">rafael.claes@clehm.be<\/a><br>Graduate of law from the KU Leuven (1988) and special graduate of social law from the Universit\u00e9 Libre de Bruxelles (1989), Rafa\u00ebl Claes has been a lawyer with the Brussels bar since 1989. Rafa\u00ebl Claes is a partner lawyer. Rafa\u00ebl Claes is specialised in social law, individual and collective labour law and social security law. Rafa\u00ebl Claes is fluent in Dutch, French, English and German.<\/p>\n\n\n<div class=\"wp-block-image is-resized\">\n<figure class=\"alignleft\"><img loading=\"lazy\" decoding=\"async\" width=\"200\" height=\"200\" src=\"http:\/\/www.clehm.be\/V2U\/wp-content\/uploads\/2019\/05\/EL.jpg\" alt=\"\" class=\"wp-image-39\" style=\"width:156px;height:auto\" srcset=\"http:\/\/www.clehm.be\/V2U\/wp-content\/uploads\/2019\/05\/EL.jpg 200w, http:\/\/www.clehm.be\/V2U\/wp-content\/uploads\/2019\/05\/EL-150x150.jpg 150w\" sizes=\"auto, (max-width: 200px) 100vw, 200px\" \/><\/figure>\n<\/div>\n\n\n<p><strong>Etienne Lehmann \u2022 <\/strong><a href=\"mailto:Lehmann.etienne@skynet.be\">etienne.lehmann@clehm.be<\/a><br>Graduate of law from the Universit\u00e9 Catholique de Louvain (1989 magna cum laude) and special graduate of social law from the Universit\u00e9 Libre de Bruxelles (1990 magna cum laude), He has been a lawyer with the Brussels bar since 1991. He is a partner lawyer. He is specialised in social law and in particular in the various aspects of company restructurings. He is fluent in French,&nbsp;Dutch and English.<\/p>\n\n\n<div class=\"wp-block-image\">\n<figure class=\"alignleft\"><img loading=\"lazy\" decoding=\"async\" width=\"150\" height=\"150\" src=\"http:\/\/www.clehm.be\/V2U\/wp-content\/uploads\/2019\/05\/MM-150x150.jpg\" alt=\"\" class=\"wp-image-46\"\/><\/figure>\n<\/div>\n\n\n<p><strong>Michel Milde \u2022 <\/strong><a href=\"mailto:michel.milde@clehm.be\">michel.milde@clehm.be<\/a><br>Graduate of law from the Universit\u00e9 Catholique de Louvain (1989) and special graduate of social law from the Universit\u00e9 Libre de Bruxelles (1990 cum laude), he has been a lawyer with the Brussels bar since 1991 and deputy judge at the French speaking labor court of Brussels since 2017. He is a partner lawyer. Michel Milde is specialised in individual and collective labour law and social security law. He is fluent in French, Dutch and English.<\/p>\n\n\n<div class=\"wp-block-image\">\n<figure class=\"alignleft\"><img loading=\"lazy\" decoding=\"async\" width=\"150\" height=\"150\" src=\"http:\/\/www.clehm.be\/V2U\/wp-content\/uploads\/2019\/05\/fredr-150x150.jpg\" alt=\"\" class=\"wp-image-48\"\/><\/figure>\n<\/div>\n\n\n<p><strong>Fr\u00e9d\u00e9ric Robert \u2022 <\/strong><a href=\"mailto:frederic.robert@clehm.be\">frederic.robert@clehm.be<\/a><br>GSM 00 32 4 95 20 17 62 &#8211; Graduate of law from the Universit\u00e9 Libre de Bruxelles, Fr\u00e9d\u00e9ric Robert has been a lawyer with the Brussels bar since 1991. Fr\u00e9d\u00e9ric Robert is specialised in social law, individual and collective labour law and social security law. <br>He is the author of several publications related to labour law and is fluent in French and English.<br><\/p>\n\n\n<div class=\"wp-block-image is-resized\">\n<figure class=\"alignleft\"><img loading=\"lazy\" decoding=\"async\" width=\"319\" height=\"319\" src=\"http:\/\/www.clehm.be\/V2U\/wp-content\/uploads\/2022\/02\/antoine-photo-site.jpg\" alt=\"\" class=\"wp-image-87\" style=\"width:149px;height:auto\" srcset=\"http:\/\/www.clehm.be\/V2U\/wp-content\/uploads\/2022\/02\/antoine-photo-site.jpg 319w, http:\/\/www.clehm.be\/V2U\/wp-content\/uploads\/2022\/02\/antoine-photo-site-150x150.jpg 150w, http:\/\/www.clehm.be\/V2U\/wp-content\/uploads\/2022\/02\/antoine-photo-site-300x300.jpg 300w\" sizes=\"auto, (max-width: 319px) 100vw, 319px\" \/><\/figure>\n<\/div>\n\n\n<p><strong>Antoine Rasneur \u2022&nbsp;<\/strong><a href=\"mailto:antoine.rasneur@clehm.be\">antoine.rasneur@clehm.be<\/a><br>Graduate of law of the UCL (1987) and in social law (UGent 1989), Antoine has been a lawyer since 1988 and, since 2001, a professor of social law at Ichec-Entreprises (coordinator of the Executive Master&rsquo;s module in HR). He is an partner lawyer, specialised in social law (individual and collective relations, social criminal law and social security), and practices this field on a daily basis in the local public service. He works in French and Dutch.<\/p>\n","protected":false},"excerpt":{"rendered":"<p>Partners Rafa\u00ebl Claes \u2022 rafael.claes@clehm.beGraduate of law from the KU Leuven (1988) and special graduate of social law from the Universit\u00e9 Libre de Bruxelles (1989), Rafa\u00ebl Claes has been a lawyer with the Brussels bar since 1989. Rafa\u00ebl Claes is &hellip; <a href=\"http:\/\/www.clehm.be\/V2U\/our-lawyers\/\">Continuer la lecture <span class=\"meta-nav\">&rarr;<\/span><\/a><\/p>\n","protected":false},"author":1,"featured_media":0,"parent":0,"menu_order":0,"comment_status":"closed","ping_status":"closed","template":"","meta":{"footnotes":""},"class_list":["post-22","page","type-page","status-publish","hentry"],"_links":{"self":[{"href":"http:\/\/www.clehm.be\/V2U\/wp-json\/wp\/v2\/pages\/22","targetHints":{"allow":["GET"]}}],"collection":[{"href":"http:\/\/www.clehm.be\/V2U\/wp-json\/wp\/v2\/pages"}],"about":[{"href":"http:\/\/www.clehm.be\/V2U\/wp-json\/wp\/v2\/types\/page"}],"author":[{"embeddable":true,"href":"http:\/\/www.clehm.be\/V2U\/wp-json\/wp\/v2\/users\/1"}],"replies":[{"embeddable":true,"href":"http:\/\/www.clehm.be\/V2U\/wp-json\/wp\/v2\/comments?post=22"}],"version-history":[{"count":24,"href":"http:\/\/www.clehm.be\/V2U\/wp-json\/wp\/v2\/pages\/22\/revisions"}],"predecessor-version":[{"id":106,"href":"http:\/\/www.clehm.be\/V2U\/wp-json\/wp\/v2\/pages\/22\/revisions\/106"}],"wp:attachment":[{"href":"http:\/\/www.clehm.be\/V2U\/wp-json\/wp\/v2\/media?parent=22"}],"curies":[{"name":"wp","href":"https:\/\/api.w.org\/{rel}","templated":true}]}}